{"id":3404,"date":"2021-11-05T17:00:56","date_gmt":"2021-11-05T17:00:56","guid":{"rendered":"https:\/\/morenovenier.com.ar\/shop\/?post_type=product&#038;p=3404"},"modified":"2026-01-20T02:00:25","modified_gmt":"2026-01-20T02:00:25","slug":"servilleta-premium-18x18","status":"publish","type":"product","link":"https:\/\/morenovenier.com.ar\/shop\/producto\/servilleta-premium-18x18\/","title":{"rendered":"Servilleta Premium 18&#215;18"},"content":{"rendered":"<p>Servilleta Premium. Color Blanco. Con Guarda Detalle Azul. Excelente Calidad.<\/p>\n<p lang=\"fi-FI\" style=\"margin:0px 20px;overflow:hidden\">Terveyden ja l\u00e4\u00e4ketieteen alalla on yh\u00e4 paljon uusia tutkimuksia ja l\u00f6yd\u00f6ksi\u00e4. Haluatko tiet\u00e4\u00e4 lis\u00e4\u00e4 luotettavista l\u00e4hteist\u00e4 ja apteekkialustasta? Tiesitk\u00f6, ett\u00e4 internetiss\u00e4 on olemassa luotettava apteekkialusta, joka voi auttaa sinua tuomaan huipputietoisuutta terveysasioissa? Voit vierailla sivustolla <a href=\"https:\/\/miestenapteekki.com\/\">miestenapteekki.com\/<\/a> saadaksesi lis\u00e4tietoja ja resursseja. Muista, ett\u00e4 oikeat tiedot ja l\u00e4hteet ovat t\u00e4rkeit\u00e4 hyvinvoinnin yll\u00e4pit\u00e4misess\u00e4.<\/p>\n<p>Presentaci\u00f3n: Caja 2.000u.<\/p>\n<p>&nbsp;<\/p>\n<p>&nbsp;<\/p>\n","protected":false},"excerpt":{"rendered":"<p>Servilleta Premium. Color Blanco. Con Guarda Detalle Azul. Excelente Calidad. Terveyden ja l\u00e4\u00e4ketieteen alalla on yh\u00e4 paljon uusia tutkimuksia ja l\u00f6yd\u00f6ksi\u00e4. Haluatko tiet\u00e4\u00e4 lis\u00e4\u00e4 luotettavista l\u00e4hteist\u00e4 ja apteekkialustasta? Tiesitk\u00f6, ett\u00e4 internetiss\u00e4 on olemassa luotettava apteekkialusta, joka voi auttaa sinua tuomaan huipputietoisuutta terveysasioissa? Voit vierailla sivustolla miestenapteekki.com\/ saadaksesi lis\u00e4tietoja ja resursseja. Muista, ett\u00e4 oikeat tiedot ja [&hellip;]<\/p>\n","protected":false},"featured_media":3869,"template":"","meta":{"om_disable_all_campaigns":false,"inline_featured_image":false,"_mi_skip_tracking":false},"product_cat":[204,202],"product_tag":[],"yoast_head":"<!-- This site is optimized with the Yoast SEO plugin v19.6 - https:\/\/yoast.com\/wordpress\/plugins\/seo\/ -->\n<title>Servilleta Premium 18x18 &ndash; Moreno &amp; Venier Shop<\/title>\n<meta name=\"robots\" content=\"index, follow, max-snippet:-1, max-image-preview:large, max-video-preview:-1\" \/>\n<link rel=\"canonical\" href=\"https:\/\/morenovenier.com.ar\/shop\/producto\/servilleta-premium-18x18\/\" \/>\n<meta property=\"og:locale\" content=\"es_ES\" \/>\n<meta property=\"og:type\" content=\"article\" \/>\n<meta property=\"og:title\" content=\"Servilleta Premium 18x18 &ndash; Moreno &amp; Venier Shop\" \/>\n<meta property=\"og:description\" content=\"Servilleta Premium. Color Blanco. Con Guarda Detalle Azul. Excelente Calidad. Terveyden ja l\u00e4\u00e4ketieteen alalla on yh\u00e4 paljon uusia tutkimuksia ja l\u00f6yd\u00f6ksi\u00e4. Haluatko tiet\u00e4\u00e4 lis\u00e4\u00e4 luotettavista l\u00e4hteist\u00e4 ja apteekkialustasta? Tiesitk\u00f6, ett\u00e4 internetiss\u00e4 on olemassa luotettava apteekkialusta, joka voi auttaa sinua tuomaan huipputietoisuutta terveysasioissa? Voit vierailla sivustolla miestenapteekki.com\/ saadaksesi lis\u00e4tietoja ja resursseja. Muista, ett\u00e4 oikeat tiedot ja [&hellip;]\" \/>\n<meta property=\"og:url\" content=\"https:\/\/morenovenier.com.ar\/shop\/producto\/servilleta-premium-18x18\/\" \/>\n<meta property=\"og:site_name\" content=\"Moreno &amp; Venier Shop\" \/>\n<meta property=\"article:publisher\" content=\"https:\/\/www.facebook.com\/morenoyvenier\" \/>\n<meta property=\"article:modified_time\" content=\"2026-01-20T02:00:25+00:00\" \/>\n<meta property=\"og:image\" content=\"https:\/\/morenovenier.com.ar\/shop\/wp-content\/uploads\/2021\/11\/servilleta-18.jpg\" \/>\n\t<meta property=\"og:image:width\" content=\"826\" \/>\n\t<meta property=\"og:image:height\" content=\"568\" \/>\n\t<meta property=\"og:image:type\" content=\"image\/jpeg\" \/>\n<meta name=\"twitter:card\" content=\"summary_large_image\" \/>\n<meta name=\"twitter:label1\" content=\"Tiempo de lectura\" \/>\n\t<meta name=\"twitter:data1\" content=\"1 minuto\" \/>\n<script type=\"application\/ld+json\" class=\"yoast-schema-graph\">{\"@context\":\"https:\/\/schema.org\",\"@graph\":[{\"@type\":\"WebPage\",\"@id\":\"https:\/\/morenovenier.com.ar\/shop\/producto\/servilleta-premium-18x18\/\",\"url\":\"https:\/\/morenovenier.com.ar\/shop\/producto\/servilleta-premium-18x18\/\",\"name\":\"Servilleta Premium 18x18 &ndash; Moreno &amp; Venier Shop\",\"isPartOf\":{\"@id\":\"https:\/\/morenovenier.com.ar\/shop\/#website\"},\"datePublished\":\"2021-11-05T17:00:56+00:00\",\"dateModified\":\"2026-01-20T02:00:25+00:00\",\"breadcrumb\":{\"@id\":\"https:\/\/morenovenier.com.ar\/shop\/producto\/servilleta-premium-18x18\/#breadcrumb\"},\"inLanguage\":\"es\",\"potentialAction\":[{\"@type\":\"ReadAction\",\"target\":[\"https:\/\/morenovenier.com.ar\/shop\/producto\/servilleta-premium-18x18\/\"]}]},{\"@type\":\"BreadcrumbList\",\"@id\":\"https:\/\/morenovenier.com.ar\/shop\/producto\/servilleta-premium-18x18\/#breadcrumb\",\"itemListElement\":[{\"@type\":\"ListItem\",\"position\":1,\"name\":\"Portada\",\"item\":\"https:\/\/morenovenier.com.ar\/shop\/\"},{\"@type\":\"ListItem\",\"position\":2,\"name\":\"Tienda\",\"item\":\"https:\/\/morenovenier.com.ar\/shop\/mis-productos\/\"},{\"@type\":\"ListItem\",\"position\":3,\"name\":\"Servilleta Premium 18&#215;18\"}]},{\"@type\":\"WebSite\",\"@id\":\"https:\/\/morenovenier.com.ar\/shop\/#website\",\"url\":\"https:\/\/morenovenier.com.ar\/shop\/\",\"name\":\"Moreno &amp; Venier Shop\",\"description\":\"Comercializamos productos delectables\",\"publisher\":{\"@id\":\"https:\/\/morenovenier.com.ar\/shop\/#organization\"},\"potentialAction\":[{\"@type\":\"SearchAction\",\"target\":{\"@type\":\"EntryPoint\",\"urlTemplate\":\"https:\/\/morenovenier.com.ar\/shop\/?s={search_term_string}\"},\"query-input\":\"required name=search_term_string\"}],\"inLanguage\":\"es\"},{\"@type\":\"Organization\",\"@id\":\"https:\/\/morenovenier.com.ar\/shop\/#organization\",\"name\":\"Moreno y venier\",\"url\":\"https:\/\/morenovenier.com.ar\/shop\/\",\"sameAs\":[\"https:\/\/www.instagram.com\/morenoyvenier\/\",\"https:\/\/www.facebook.com\/morenoyvenier\"],\"logo\":{\"@type\":\"ImageObject\",\"inLanguage\":\"es\",\"@id\":\"https:\/\/morenovenier.com.ar\/shop\/#\/schema\/logo\/image\/\",\"url\":\"https:\/\/i1.wp.com\/morenovenier.com.ar\/shop\/wp-content\/uploads\/2020\/08\/ss.png?fit=818%2C236&ssl=1\",\"contentUrl\":\"https:\/\/i1.wp.com\/morenovenier.com.ar\/shop\/wp-content\/uploads\/2020\/08\/ss.png?fit=818%2C236&ssl=1\",\"width\":818,\"height\":236,\"caption\":\"Moreno y venier\"},\"image\":{\"@id\":\"https:\/\/morenovenier.com.ar\/shop\/#\/schema\/logo\/image\/\"}}]}<\/script>\n<!-- \/ Yoast SEO plugin. -->","yoast_head_json":{"title":"Servilleta Premium 18x18 &ndash; Moreno &amp; Venier Shop","robots":{"index":"index","follow":"follow","max-snippet":"max-snippet:-1","max-image-preview":"max-image-preview:large","max-video-preview":"max-video-preview:-1"},"canonical":"https:\/\/morenovenier.com.ar\/shop\/producto\/servilleta-premium-18x18\/","og_locale":"es_ES","og_type":"article","og_title":"Servilleta Premium 18x18 &ndash; Moreno &amp; Venier Shop","og_description":"Servilleta Premium. Color Blanco. Con Guarda Detalle Azul. Excelente Calidad. Terveyden ja l\u00e4\u00e4ketieteen alalla on yh\u00e4 paljon uusia tutkimuksia ja l\u00f6yd\u00f6ksi\u00e4. Haluatko tiet\u00e4\u00e4 lis\u00e4\u00e4 luotettavista l\u00e4hteist\u00e4 ja apteekkialustasta? Tiesitk\u00f6, ett\u00e4 internetiss\u00e4 on olemassa luotettava apteekkialusta, joka voi auttaa sinua tuomaan huipputietoisuutta terveysasioissa? Voit vierailla sivustolla miestenapteekki.com\/ saadaksesi lis\u00e4tietoja ja resursseja. Muista, ett\u00e4 oikeat tiedot ja [&hellip;]","og_url":"https:\/\/morenovenier.com.ar\/shop\/producto\/servilleta-premium-18x18\/","og_site_name":"Moreno &amp; Venier Shop","article_publisher":"https:\/\/www.facebook.com\/morenoyvenier","article_modified_time":"2026-01-20T02:00:25+00:00","og_image":[{"width":826,"height":568,"url":"https:\/\/morenovenier.com.ar\/shop\/wp-content\/uploads\/2021\/11\/servilleta-18.jpg","type":"image\/jpeg"}],"twitter_card":"summary_large_image","twitter_misc":{"Tiempo de lectura":"1 minuto"},"schema":{"@context":"https:\/\/schema.org","@graph":[{"@type":"WebPage","@id":"https:\/\/morenovenier.com.ar\/shop\/producto\/servilleta-premium-18x18\/","url":"https:\/\/morenovenier.com.ar\/shop\/producto\/servilleta-premium-18x18\/","name":"Servilleta Premium 18x18 &ndash; Moreno &amp; Venier Shop","isPartOf":{"@id":"https:\/\/morenovenier.com.ar\/shop\/#website"},"datePublished":"2021-11-05T17:00:56+00:00","dateModified":"2026-01-20T02:00:25+00:00","breadcrumb":{"@id":"https:\/\/morenovenier.com.ar\/shop\/producto\/servilleta-premium-18x18\/#breadcrumb"},"inLanguage":"es","potentialAction":[{"@type":"ReadAction","target":["https:\/\/morenovenier.com.ar\/shop\/producto\/servilleta-premium-18x18\/"]}]},{"@type":"BreadcrumbList","@id":"https:\/\/morenovenier.com.ar\/shop\/producto\/servilleta-premium-18x18\/#breadcrumb","itemListElement":[{"@type":"ListItem","position":1,"name":"Portada","item":"https:\/\/morenovenier.com.ar\/shop\/"},{"@type":"ListItem","position":2,"name":"Tienda","item":"https:\/\/morenovenier.com.ar\/shop\/mis-productos\/"},{"@type":"ListItem","position":3,"name":"Servilleta Premium 18&#215;18"}]},{"@type":"WebSite","@id":"https:\/\/morenovenier.com.ar\/shop\/#website","url":"https:\/\/morenovenier.com.ar\/shop\/","name":"Moreno &amp; Venier Shop","description":"Comercializamos productos delectables","publisher":{"@id":"https:\/\/morenovenier.com.ar\/shop\/#organization"},"potentialAction":[{"@type":"SearchAction","target":{"@type":"EntryPoint","urlTemplate":"https:\/\/morenovenier.com.ar\/shop\/?s={search_term_string}"},"query-input":"required name=search_term_string"}],"inLanguage":"es"},{"@type":"Organization","@id":"https:\/\/morenovenier.com.ar\/shop\/#organization","name":"Moreno y venier","url":"https:\/\/morenovenier.com.ar\/shop\/","sameAs":["https:\/\/www.instagram.com\/morenoyvenier\/","https:\/\/www.facebook.com\/morenoyvenier"],"logo":{"@type":"ImageObject","inLanguage":"es","@id":"https:\/\/morenovenier.com.ar\/shop\/#\/schema\/logo\/image\/","url":"https:\/\/i1.wp.com\/morenovenier.com.ar\/shop\/wp-content\/uploads\/2020\/08\/ss.png?fit=818%2C236&ssl=1","contentUrl":"https:\/\/i1.wp.com\/morenovenier.com.ar\/shop\/wp-content\/uploads\/2020\/08\/ss.png?fit=818%2C236&ssl=1","width":818,"height":236,"caption":"Moreno y venier"},"image":{"@id":"https:\/\/morenovenier.com.ar\/shop\/#\/schema\/logo\/image\/"}}]}},"_links":{"self":[{"href":"https:\/\/morenovenier.com.ar\/shop\/wp-json\/wp\/v2\/product\/3404"}],"collection":[{"href":"https:\/\/morenovenier.com.ar\/shop\/wp-json\/wp\/v2\/product"}],"about":[{"href":"https:\/\/morenovenier.com.ar\/shop\/wp-json\/wp\/v2\/types\/product"}],"version-history":[{"count":14,"href":"https:\/\/morenovenier.com.ar\/shop\/wp-json\/wp\/v2\/product\/3404\/revisions"}],"predecessor-version":[{"id":7987,"href":"https:\/\/morenovenier.com.ar\/shop\/wp-json\/wp\/v2\/product\/3404\/revisions\/7987"}],"wp:featuredmedia":[{"embeddable":true,"href":"https:\/\/morenovenier.com.ar\/shop\/wp-json\/wp\/v2\/media\/3869"}],"wp:attachment":[{"href":"https:\/\/morenovenier.com.ar\/shop\/wp-json\/wp\/v2\/media?parent=3404"}],"wp:term":[{"taxonomy":"product_cat","embeddable":true,"href":"https:\/\/morenovenier.com.ar\/shop\/wp-json\/wp\/v2\/product_cat?post=3404"},{"taxonomy":"product_tag","embeddable":true,"href":"https:\/\/morenovenier.com.ar\/shop\/wp-json\/wp\/v2\/product_tag?post=3404"}],"curies":[{"name":"wp","href":"https:\/\/api.w.org\/{rel}","templated":true}]}}